t of c?
5
Let h = 87 + -53. Suppose -3 = -4*l + 9. Suppose 44 = l*f - h. What is the tens digit of f?
2
Let n(h) be the third derivative of -h**4/6 + h**3/3 - 2*h**2. Let w be n(4). What is the tens digit of 2/(-7) + (-284)/w?
2
Let m = -118 + 121. Let k(c) = c**3 + 1. Let s(a) = -6*a**3 + 5*a**2 - 3*a. Let v(q) = -3*k(q) - s(q). What is the units digit of v(m)?
2
Let k(a) = -a**3 + 2*a**2 + 2*a - 3. Let t be k(3). Suppose i = -77 + 116. Let j = t + i. What is the units digit of j?
3
Let y be ((-6)/4)/(33/352). Let b = 50 - y. What is the tens digit of b?
6
Let t = 11 - 7. Suppose -t*s - 5*j = -s - 308, -4*s + 5*j + 364 = 0. What is the tens digit of s?
9
Let l(u) = u**3 - 3*u**2 - u - 2. Let b be l(4). Let j be (-6)/4 - (-215)/b. Suppose j = 5*x - 2*h - 2*h, -65 = -5*x - 5*h. What is the units digit of x?
8
Suppose t - g = 3*g + 32, -2 = g. Suppose z + 2*f - 11 = 0, 5*z + 4*f = z + t. What is the units digit of (-10 - -8) + (z - -25)?
4
What is the tens digit of 1*((-531)/15)/((-3)/15)?
7
Suppose 0 = -4*z + d + 2064 + 2803, 0 = 3*z + 2*d - 3653. What is the units digit of z?
7
What is the tens digit of (-948)/(-6) - 18/6?
5
Let g be (-33)/(-12) - 2/(-8). Suppose -2*p + 23 = g*j + 2*p, -2*j - p + 7 = 0. What is the units digit of j?
1
Let s = 9 + 1. Let i(g) = -5*g - 1. Let o(h) = 9*h + 3. Let x(l) = s*i(l) + 6*o(l). What is the tens digit of x(7)?
3
Let s(m) = -3*m + 24. Let x be s(7). What is the units digit of (-4)/12 - (-214)/x?
1
Let y(i) = -2*i + 7. Let v be y(0). Let l(x) = x**3 - 8*x**2 + 8*x - 3. Let t be l(v). What is the units digit of 105/4 - 1/t?
6
Let u = -21 + 2. What is the tens digit of -1 + 1/1 - u?
1
Suppose 2*n + 50 - 226 = 0. Let r = 129 - n. What is the units digit of r?
1
Let d(h) = -37*h + 95. What is the hundreds digit of d(-15)?
6
Let p(b) be the third derivative of -b**6/120 - b**5/12 - b**4/24 - 2*b**3/3 + 8*b**2. What is the tens digit of p(-6)?
3
Suppose -3*p + 6722 = -26*w + 31*w, 0 = -2*p - 5*w + 4473. What is the hundreds digit of p?
2
Let f(d) be the third derivative of 0*d + 13/24*d**4 + 0 + 1/3*d**3 + 4*d**2. What is the units digit of f(2)?
8
Let f = 6601 + -3980. What is the tens digit of f?
2
Let p be 20/(-8)*(0 - 2). Suppose -17 = -5*g + 3*f, p = 3*g - 4*f - 3. Suppose 3*h + h = g. What is the units digit of h?
1
Suppose 0 = 6*z - 449 - 463. What is the tens digit of z?
5
Let g(x) = x**3 - 4*x**2 + 5*x - 5. Let b be g(2). What is the units digit of 936/65 - b/5?
5
Suppose -7*t = 9 - 72. Suppose 4*v = t + 7. Suppose g - 31 = -2*p + 21, 0 = 2*g - v*p - 64. What is the units digit of g?
2
Let x = 25 - 20. Let z(n) = n**2 - 5*n + 2. Let d be z(x). What is the tens digit of 36 - (-4)/d*2?
4
Let p(u) = 5*u**2 + 19*u - 18. Let x be p(-10). What is the tens digit of (x/(-12))/(1/(-9) - 0)?
1
Suppose -9*n = -14*n + 2360. What is the hundreds digit of n?
4
Suppose 2*q = 4*z - 10132, -7599 = -3*z - 2*q - 2*q. What is the units digit of z?
3
Let k(s) = -s**3 + 13*s**2 + 26*s - 28. What is the units digit of k(9)?
0
Let z = 54 + -54. Suppose b - 77 - 19 = z. What is the tens digit of b?
9
Let r = 93 + 408. What is the units digit of r?
1
Suppose -3*q + 15 = -2*o + o, -2*o - 20 = -4*q. Let c(s) = 2*s + 11 + o*s + s - 7*s. What is the units digit of c(-4)?
7
Suppose 5*x - s = 1733, 0*x + 1023 = 3*x + 5*s. What is the hundreds digit of x*((-2)/12 - 4/(-6))?
1
Suppose -5*c + 224 = -2*w + 60, -139 = -4*c - w. Suppose 14 = 19*j - 43. What is the units digit of c*j/8*4?
1
Let r(u) = u**3 - 7*u**2 + 6*u - 4. Let a be r(6). Let h be (-30)/(-4) - (-2)/a. Suppose 4*q + 92 = 4*p, h*p + q - 109 = 2*p. What is the tens digit of p?
2
Let m be ((-64)/(-128))/((-1)/(-103 + -1)). Let w = m + 201. What is the units digit of w?
3
Let y(k) = k**3 + 24*k**2 - 91*k + 8. What is the tens digit of y(-26)?
2
Let k(d) = -7*d - 22. Let o be k(-5). Suppose 0 = 3*a - o + 7. Suppose 4*u + 206 = 3*i, a*i - 7*i + 2*u = -362. What is the tens digit of i?
7
Let t(a) = 4*a**2 + 6*a + 6. Let d be t(-2). What is the units digit of (-57)/((-5)/(d/3))?
8
Let i be 4 + 0 + (0 - 2). Suppose 5*d = 2*d + 3*a, -5*a = -i*d + 12. What is the units digit of 12*((-14)/d + -3)?
6
Suppose o - 12 = 4*o. Let w(m) = 117*m - 8. Let a be w(o). What is the tens digit of (-1)/(-4) - a/16?
3
Suppose -4*s - 4*g + 6296 = 0, g - 212 + 8082 = 5*s. What is the hundreds digit of s?
5
Suppose -30 = -5*g - 10. Suppose g*s = 209 + 3. What is the units digit of s + (-1 - 3) + -4?
5
Suppose -1107 = -5*b - 377. Let f = -101 + b. What is the tens digit of f?
4
Suppose -10*v = 97 - 297. Suppose -25*l - v = -27*l. What is the tens digit of l?
1
Let a = 32 - 30. Suppose d + a*d = 102. What is the units digit of d?
4
Let c = -490 - -1436. What is the hundreds digit of c?
9
Suppose 2*q + 4*u - 36 + 14 = 0, 2*q + 14 = 5*u. Suppose q = -h + 10. What is the units digit of h?
7
Let i(l) = 1633*l + 10. What is the hundreds digit of i(3)?
9
Let z be -2*(0 - 45/6). Suppose -2*r = 3*r - z. Suppose 32 = -2*h + r*h. What is the tens digit of h?
3
Suppose -c + 27*s - 24*s = -2870, 3*s = -4*c + 11420. What is the units digit of c?
8
Suppose -2*a = c - 2312, 3*a - 2591 = 4*c + 877. What is the units digit of a?
6
Let i = 910 - 611. Suppose -3*l + 4 + i = 0. What is the units digit of l?
1
Suppose -5*v + 3*o + 1303 = 0, 36 + 219 = v + 5*o. Suppose l = 6*l - v. Suppose -5*w + 43 + l = 0. What is the units digit of w?
9
Let l be 2*(-1 - (1 - 6)). Suppose 2*i + 2*i = l. Suppose i*c - 4 - 70 = 0. What is the units digit of c?
7
What is the tens digit of 28691/104 + 2/16?
7
Let t(a) be the third derivative of a**5/10 + 5*a**4/24 - a**3/3 - 2*a**2. Let n = -172 + 175. What is the tens digit of t(n)?
6
Let a(g) be the third derivative of -g**6/15 - g**5/20 + g**4/24 + 13*g**3/6 + 9*g**2 + 3*g. What is the tens digit of a(-3)?
9
Suppose -5*f - w = 884, -5*f + 4*w - 864 = -0*f. Let s be f/(-28) + 8/(-28). Suppose -s = 4*p - 2, 3*n - p - 4 = 0. What is the units digit of n?
1
Let s(x) = -5*x**3 - 4*x**2 - 14*x - 18. What is the units digit of s(-10)?
2
What is the units digit of (-129)/43 - 1423/(-1)?
0
Suppose -2*c = -4*a + 9998, 0 = 3*a - 68*c + 72*c - 7471. What is the thousands digit of a?
2
Suppose -2*r + 5*n = -577, 5*r = -2*n - 383 + 1811. What is the tens digit of r?
8
Suppose 0 = -5*g + 670 + 2210. What is the units digit of g?
6
Let f(k) = -7*k + 3. Let i be 84/16 - 1/4. Suppose 3*n + 15 = 0, 0 = -0*h - 3*h + 4*n + i. What is the tens digit of f(h)?
3
Let y(c) = -4*c - 5. Let j be y(-4). Let o = j + -3. What is the tens digit of (-714)/(-24) + (-6)/o?
2
Let f(c) = -2*c**3 - 16*c**2 - 38*c + 17. What is the tens digit of f(-10)?
9
Let y be 5 + -8 + (-105)/(-3). Suppose -3*i + 4*x + y = -248, -5*x - 275 = -3*i. Let o = -54 + i. What is the units digit of o?
6
Let y be 0/(-1) - (-320)/10. Suppose 5*t + a = 2*a + 30, -t = 5*a - y. Suppose 2*m - i = 0, 2*i - t = -5*m + i. What is the units digit of m?
1
Suppose 155 = 2*v + 3*u, u - 4 = 3*v - 231. Let i = 197 - v. What is the hundreds digit of i?
1
Let p(v) = v**3 - 2*v**2 + 1. Let r be p(0). What is the hundreds digit of r*(-6)/21 + (-1045)/(-7)?
1
Suppose -3*a = a - 116. Suppose 2*x = 4*x - 22. Let i = a - x. What is the tens digit of i?
1
Let m(a) be the first derivative of -a**4/4 + 17*a**3/3 - 23*a**2/2 - 9*a - 19. What is the units digit of m(15)?
6
Suppose -87*j = -84*j - 2343. What is the tens digit of j?
8
What is the units digit of 48637/(-68)*(-5)/((-10)/(-8))?
1
Let t be (-8)/6*(-2 - 10). What is the hundreds digit of (t + 108)/((1/(-1))/(-2))?
2
Suppose 20*z + 20098 = 46*z. What is the tens digit of z?
7
Suppose -23 = 2*m - 11. Let c = -22 - -37. Let t = c + m. What is the units digit of t?
9
Let g(r) be the third derivative of 11*r**4/24 + 16*r**3/3 - 4*r**2 - 2*r. What is the tens digit of g(14)?
8
Let z = 39 + -37. Suppose p = 2*l + 36, 6 = -z*l - 0. What is the tens digit of p?
3
Suppose 5*a - 3*m = -m + 21, 2*a = 5*m + 21. Suppose 2*f + 2*f + a*j - 397 = 0, -5*j = 5. What is the tens digit of f?
0
Let x(v) = -v**2 - 3*v + 9. Let l(u) = u**2 + 3*u - 8. Let d(q) = 6*l(q) + 5*x(q). Let z be -6*(-24)/45 + 1/(-5). What is the units digit of d(z)?
5
Let z(y) = y**3 - 17*y**2. Let b be z(17). Suppose 0*m = -4*m + 3*l + 604, 2*m - l - 302 = b. Let 